t common factor of 1375 and 110.
55
What is the highest common divisor of 315 and 140?
35
What is the highest common factor of 24 and 42?
6
Calculate the greatest common divisor of 86 and 23306.
86
What is the highest common divisor of 532 and 28?
28
What is the greatest common factor of 2 and 2518?
2
Calculate the highest common divisor of 110 and 1408.
22
What is the greatest common factor of 2169 and 18?
9
What is the highest common factor of 20160 and 60?
60
Calculate the greatest common divisor of 188 and 329.
47
What is the greatest common factor of 88 and 16?
8
What is the greatest common factor of 32 and 58832?
16
What is the greatest common factor of 134 and 3551?
67
Calculate the highest common factor of 9 and 45.
9
What is the highest common factor of 549 and 225?
9
What is the highest common factor of 1750 and 70?
70
Calculate the greatest common divisor of 43737 and 183.
183
What is the greatest common factor of 99 and 63?
9
Calculate the highest common divisor of 52 and 39.
13
What is the highest common divisor of 98 and 14?
14
Calculate the greatest common factor of 174 and 290.
58
Calculate the highest common factor of 8883 and 658.
329
Calculate the greatest common factor of 748 and 132.
44
Calculate the highest common divisor of 140 and 220.
20
Calculate the greatest common factor of 48 and 352.
16
Calculate the greatest common divisor of 150 and 3480.
30
Calculate the greatest common divisor of 4 and 7036.
4
Calculate the greatest common factor of 18 and 54.
18
Calculate the highest common factor of 21 and 1561.
7
What is the highest common divisor of 357 and 51?
51
Calculate the highest common factor of 1700 and 180.
20
Calculate the greatest common factor of 203 and 319.
29
Calculate the highest common factor of 128 and 416.
32
Calculate the greatest common divisor of 10 and 3670.
10
What is the greatest common divisor of 95 and 5?
5
What is the greatest common divisor of 7 and 91?
7
What is the greatest common divisor of 22 and 55?
11
Calculate the greatest common divisor of 48 and 44.
4
Calculate the greatest common factor of 104 and 2392.
104
Calculate the highest common factor of 22176 and 336.
336
Calculate the greatest common divisor of 1581 and 3.
3
Calculate the highest common divisor of 70 and 110.
10
What is the greatest common factor of 72 and 396?
36
Calculate the greatest common factor of 1665 and 18.
9
What is the highest common factor of 11542 and 232?
58
What is the greatest common divisor of 301 and 43?
43
Calculate the greatest common divisor of 1311 and 621.
69
What is the highest common factor of 4067 and 196?
49
What is the highest common factor of 54 and 16578?
54
Calculate the greatest common factor of 20 and 8.
4
What is the highest common divisor of 4455 and 198?
99
Calculate the greatest common divisor of 315 and 175.
35
What is the greatest common divisor of 48 and 1164?
12
What is the highest common factor of 7638 and 342?
114
Calculate the highest common divisor of 2848 and 267.
89
Calculate the greatest common divisor of 17008 and 16.
16
What is the highest common factor of 8 and 17?
1
What is the highest common divisor of 1547 and 91?
91
Calculate the highest common divisor of 99 and 1413.
9
What is the greatest common divisor of 31 and 775?
31
Calculate the highest common divisor of 5552 and 4.
4
Calculate the highest common factor of 48 and 496.
16
Calculate the highest common factor of 48 and 1176.
24
What is the highest common factor of 583 and 539?
11
What is the highest common divisor of 3666 and 188?
94
Calculate the highest common factor of 168 and 294.
42
Calculate the greatest common divisor of 32 and 48.
16
What is the highest common divisor of 19053 and 73?
73
Calculate the greatest common factor of 35 and 1015.
35
Calculate the highest common factor of 114 and 95.
19
Calculate the greatest common divisor of 5020 and 20.
20
What is the highest common factor of 252 and 56?
28
What is the highest common factor of 81 and 81?
81
What is the highest common divisor of 14 and 13762?
14
What is the greatest common factor of 4 and 536?
4
What is the greatest common divisor of 93 and 31?
31
What is the greatest common divisor of 112 and 112?
112
Calculate the highest common factor of 740 and 5846.
74
Calculate the highest common divisor of 596 and 4.
4
Calculate the highest common divisor of 328 and 49528.
328
What is the greatest common factor of 3016 and 48?
8
What is the highest common factor of 106 and 318?
106
What is the highest common divisor of 47010 and 5?
5
What is the highest common divisor of 176 and 902?
22
Calculate the greatest common divisor of 54 and 4068.
18
Calculate the greatest common divisor of 419 and 104750.
419
What is the highest common factor of 68 and 112?
4
Calculate the greatest common divisor of 1426 and 230.
46
What is the greatest common divisor of 400 and 360?
40
Calculate the greatest common divisor of 860 and 90.
10
Calculate the greatest common divisor of 552 and 207.
69
Calculate the highest common divisor of 4180 and 22.
22
What is the greatest common divisor of 55 and 880?
55
What is the highest common factor of 217 and 210?
7
What is the highest common divisor of 46 and 10?
2
Calculate the greatest common factor of 1122 and 1914.
66
Calculate the highest common divisor of 905 and 10.
5
Calculate the greatest common divisor of 5412 and 369.
123
What is the highest common factor of 65 and 15015?
65
Calculate the greatest common divisor of 86 and 4.
2
Calculate the highest common divisor of 1533 and 73.
73
Calculate the highest common factor of 83 and 664.
83
What is the highest common factor of 3 and 33?
3
Calculate the greatest common factor of 20 and 23060.
20
Calculate the greatest common factor of 238 and 2278.
34
What is the highest common factor of 322 and 3956?
46
What is the highest common divisor of 46 and 1403?
23
What is the highest common divisor of 65 and 819?
13
Calculate the highest common factor of 56 and 126.
14
What is the highest common factor of 60 and 20?
20
What is the greatest common divisor of 532 and 28?
28
Calculate the greatest common divisor of 19 and 3097.
19
Calculate the greatest common factor of 26 and 63466.
26
Calculate the highest common divisor of 90 and 150.
30
Calculate the greatest common divisor of 4 and 14.
2
Calculate the highest common divisor of 567 and 81.
81
What is the greatest common factor of 651 and 248?
31
What is the greatest common factor of 82 and 32?
2
Calculate the highest common divisor of 104 and 1066.
26
What is the greatest common factor of 25 and 10?
5
What is the highest common factor of 43371 and 9?
9
What is the greatest common divisor of 3897 and 18?
9
What is the highest common divisor of 4096 and 384?
128
Calculate the greatest common divisor of 133 and 17423.
133
Calculate the greatest common factor of 92 and 1196.
92
What is the highest common factor of 51 and 4233?
51
What is the greatest common divisor of 10 and 7?
1
Calculate the greatest common factor of 13156 and 364.
52
Calculate the highest common divisor of 165 and 810.
15
What is the highest common factor of 28 and 497?
7
What is the greatest common factor of 30 and 345?
15
Calculate the greatest common factor of 279 and 9951.
93
What is the highest common factor of 580 and 1015?
145
Calculate the greatest common factor of 303 and 5353.
101
Calculate the greatest common divisor of 799 and 141.
47
Calculate the highest common divisor of 572 and 88.
44
What is the highest common factor of 429 and 676?
13
What is the greatest common factor of 4256 and 672?
224
What is the highest common divisor of 2277 and 99?
99
Calculate the greatest common factor of 100 and 46850.
50
Calculate the greatest common factor of 742 and 424.
106
Calculate the greatest common factor of 384 and 3.
3
What is the highest common factor of 155 and 5?
5
Calculate the greatest common factor of 768 and 6.
6
Calculate the highest common factor of 2025 and 75.
75
Calculate the greatest common factor of 135 and 27.
27
What is the highest common divisor of 44 and 16467?
11
What is the highest common factor of 26 and 1274?
26
Calculate the highest common divisor of 164 and 41.
41
What is the greatest common divisor of 104 and 39?
13
What is the greatest com